{"id":926,"date":"2020-09-11T15:31:19","date_gmt":"2020-09-11T20:31:19","guid":{"rendered":"https:\/\/proeslog.com\/sitio\/?page_id=926"},"modified":"2020-09-30T13:41:34","modified_gmt":"2020-09-30T18:41:34","slug":"carga-masiva","status":"publish","type":"page","link":"https:\/\/proeslog.com\/sitio\/carga-masiva\/","title":{"rendered":"Carga Masiva"},"content":{"rendered":"<p>[et_pb_section fb_built=\u00bb1&#8243; _builder_version=\u00bb4.5.1&#8243; _module_preset=\u00bbdefault\u00bb background_image=\u00bbhttps:\/\/proeslog.com\/sitio\/wp-content\/uploads\/2020\/09\/cabezote.jpg\u00bb custom_padding=\u00bb0px||0px||false|false\u00bb][et_pb_row use_custom_gutter=\u00bbon\u00bb gutter_width=\u00bb1&#8243; _builder_version=\u00bb4.5.1&#8243; _module_preset=\u00bbdefault\u00bb width=\u00bb100%\u00bb max_width=\u00bb100%\u00bb custom_padding=\u00bb0px||0px||false|false\u00bb][et_pb_column type=\u00bb4_4&#8243; _builder_version=\u00bb4.5.1&#8243; _module_preset=\u00bbdefault\u00bb background_enable_color=\u00bboff\u00bb custom_padding=\u00bb92px||92px||false|false\u00bb][et_pb_text _builder_version=\u00bb4.5.1&#8243; _module_preset=\u00bbdefault\u00bb text_font=\u00bbRaleway|700|||||||\u00bb text_text_color=\u00bb#ffffff\u00bb text_font_size=\u00bb30px\u00bb text_orientation=\u00bbcenter\u00bb]<\/p>\n<p><strong>Carga Masiva<\/strong><\/p>\n<p>[\/et_pb_text][\/et_pb_column][\/et_pb_row][\/et_pb_section][et_pb_section fb_built=\u00bb1&#8243; _builder_version=\u00bb4.5.1&#8243; _module_preset=\u00bbdefault\u00bb custom_padding=\u00bb36px|0px|7px|||\u00bb][et_pb_row column_structure=\u00bb1_2,1_2&#8243; _builder_version=\u00bb4.5.1&#8243; _module_preset=\u00bbdefault\u00bb custom_padding=\u00bb||1px|||\u00bb][et_pb_column type=\u00bb1_2&#8243; _builder_version=\u00bb4.5.1&#8243; _module_preset=\u00bbdefault\u00bb][et_pb_text _builder_version=\u00bb4.5.1&#8243; _module_preset=\u00bbdefault\u00bb text_text_color=\u00bb#4d4d4d\u00bb text_font_size=\u00bb16px\u00bb text_orientation=\u00bbjustified\u00bb custom_margin=\u00bb||-1px||false|false\u00bb]<\/p>\n<p>Con nuestro servicio de Carga Masiva puede realizar el transporte de contenedores, carga suelta de importaci\u00f3n y exportaci\u00f3n y mercanc\u00eda de distribuci\u00f3n nacional en cupos completos de veh\u00edculo. Servicio Especializado en cupos completos\u00a0 a nivel nacional.<\/p>\n<p>\u2022 Masivos<br \/> \u2022 Operaciones en puerto.<\/p>\n<p><strong>Tipos de veh\u00edculos:<\/strong><\/p>\n<p>\u2022 Turbo 4.5 Ton\/ Vol 25 M3<br \/> \u2022 Sencillo 8 Ton\/ Vol 35 M3<br \/> \u2022 MiniMula\/ Patineta 17 Ton\/ Vol 72 M3<br \/> \u2022 TractoMula 30-35 Ton\/ Vol 72 M3<br \/> \u2022 Veh\u00edculos Especiales (Gr\u00faa, CamaBaja, Ni\u00f1eras)<\/p>\n<p><strong>Valores agregados Carga Masiva:<\/strong><\/p>\n<p>\u2022 Monitoreo y Seguridad 24\/7.<br \/> \u2022 Puestos de control en v\u00edas nacionales.<br \/> \u2022 Seguimiento satelital 24\/7.<br \/> \u2022 Reportes en l\u00ednea.<br \/> \u2022 Atenci\u00f3n personalizada<\/p>\n<p><u><\/u><\/p>\n<p>[\/et_pb_text][\/et_pb_column][et_pb_column type=\u00bb1_2&#8243; _builder_version=\u00bb4.5.1&#8243; _module_preset=\u00bbdefault\u00bb][et_pb_image src=\u00bbhttps:\/\/proeslog.com\/sitio\/wp-content\/uploads\/2020\/09\/carga-masiva.png.jpg\u00bb title_text=\u00bbcarga-masiva.png\u00bb _builder_version=\u00bb4.5.1&#8243; _module_preset=\u00bbdefault\u00bb][\/et_pb_image][\/et_pb_column][\/et_pb_row][\/et_pb_section][et_pb_section fb_built=\u00bb1&#8243; specialty=\u00bbon\u00bb _builder_version=\u00bb4.5.1&#8243; _module_preset=\u00bbdefault\u00bb custom_margin=\u00bb-8px|||||\u00bb custom_padding=\u00bb0px||60px||false|false\u00bb][et_pb_column type=\u00bb1_2&#8243; specialty_columns=\u00bb2&#8243; _builder_version=\u00bb3.25&#8243; custom_padding=\u00bb|||\u00bb custom_padding__hover=\u00bb|||\u00bb][et_pb_row_inner column_structure=\u00bb1_2,1_2&#8243; _builder_version=\u00bb4.5.1&#8243; _module_preset=\u00bbdefault\u00bb][et_pb_column_inner type=\u00bb1_2&#8243; saved_specialty_column_type=\u00bb1_2&#8243; _builder_version=\u00bb4.5.1&#8243; _module_preset=\u00bbdefault\u00bb][et_pb_button button_url=\u00bbhttps:\/\/proeslog.com\/sitio\/contactenos\/\u00bb button_text=\u00bbContactar servicio\u00bb button_alignment_tablet=\u00bb\u00bb button_alignment_phone=\u00bbcenter\u00bb button_alignment_last_edited=\u00bbon|phone\u00bb _builder_version=\u00bb4.5.1&#8243; _module_preset=\u00bbdefault\u00bb custom_button=\u00bbon\u00bb button_text_size=\u00bb16px\u00bb button_text_color=\u00bb#000E48&#8243; button_bg_color=\u00bb#efd300&#8243; button_border_width=\u00bb0px\u00bb button_border_radius=\u00bb20px\u00bb button_font=\u00bb|600|||||||\u00bb custom_margin=\u00bb-15px|||||\u00bb][\/et_pb_button][\/et_pb_column_inner][et_pb_column_inner type=\u00bb1_2&#8243; saved_specialty_column_type=\u00bb1_2&#8243; _builder_version=\u00bb4.5.1&#8243; _module_preset=\u00bbdefault\u00bb][et_pb_button button_url=\u00bbhttps:\/\/proeslog.com\/sitio\/servicios\/\u00bb button_text=\u00bbVer m\u00e1s servicios\u00bb button_alignment_tablet=\u00bb\u00bb button_alignment_phone=\u00bbcenter\u00bb button_alignment_last_edited=\u00bbon|phone\u00bb _builder_version=\u00bb4.5.1&#8243; _module_preset=\u00bbdefault\u00bb custom_button=\u00bbon\u00bb button_text_size=\u00bb16px\u00bb button_text_color=\u00bb#000E48&#8243; button_bg_color=\u00bb#f2f2f2&#8243; button_border_width=\u00bb0px\u00bb button_border_radius=\u00bb20px\u00bb button_font=\u00bb|600|||||||\u00bb custom_margin=\u00bb-15px|||-88px|false|false\u00bb custom_margin_tablet=\u00bb\u00bb custom_margin_phone=\u00bb-15px|||0px|false|false\u00bb custom_margin_last_edited=\u00bbon|phone\u00bb][\/et_pb_button][\/et_pb_column_inner][\/et_pb_row_inner][\/et_pb_column][et_pb_column type=\u00bb1_2&#8243; _builder_version=\u00bb3.25&#8243; custom_padding=\u00bb|||\u00bb custom_padding__hover=\u00bb|||\u00bb][\/et_pb_column][\/et_pb_section]<\/p>\n","protected":false},"excerpt":{"rendered":"<p>Carga MasivaCon nuestro servicio de Carga Masiva puede realizar el transporte de contenedores, carga suelta de importaci\u00f3n y exportaci\u00f3n y mercanc\u00eda de distribuci\u00f3n nacional en cupos completos de veh\u00edculo. Servicio Especializado en cupos completos\u00a0 a nivel nacional. \u2022 Masivos \u2022 Operaciones en puerto. Tipos de veh\u00edculos: \u2022 Turbo 4.5 Ton\/ Vol 25 M3 \u2022 Sencillo [&hellip;]<\/p>\n","protected":false},"author":3,"featured_media":0,"parent":0,"menu_order":0,"comment_status":"closed","ping_status":"closed","template":"","meta":{"_et_pb_use_builder":"on","_et_pb_old_content":"","_et_gb_content_width":"","_joinchat":[],"footnotes":""},"class_list":["post-926","page","type-page","status-publish","hentry"],"_links":{"self":[{"href":"https:\/\/proeslog.com\/sitio\/wp-json\/wp\/v2\/pages\/926","targetHints":{"allow":["GET"]}}],"collection":[{"href":"https:\/\/proeslog.com\/sitio\/wp-json\/wp\/v2\/pages"}],"about":[{"href":"https:\/\/proeslog.com\/sitio\/wp-json\/wp\/v2\/types\/page"}],"author":[{"embeddable":true,"href":"https:\/\/proeslog.com\/sitio\/wp-json\/wp\/v2\/users\/3"}],"replies":[{"embeddable":true,"href":"https:\/\/proeslog.com\/sitio\/wp-json\/wp\/v2\/comments?post=926"}],"version-history":[{"count":13,"href":"https:\/\/proeslog.com\/sitio\/wp-json\/wp\/v2\/pages\/926\/revisions"}],"predecessor-version":[{"id":1346,"href":"https:\/\/proeslog.com\/sitio\/wp-json\/wp\/v2\/pages\/926\/revisions\/1346"}],"wp:attachment":[{"href":"https:\/\/proeslog.com\/sitio\/wp-json\/wp\/v2\/media?parent=926"}],"curies":[{"name":"wp","href":"https:\/\/api.w.org\/{rel}","templated":true}]}}